 when 10 is divided by 8.
2
What is the remainder when 2065 is divided by 133?
70
Calculate the remainder when 729 is divided by 61.
58
What is the remainder when 730 is divided by 148?
138
What is the remainder when 263 is divided by 74?
41
Calculate the remainder when 39 is divided by 35.
4
What is the remainder when 75 is divided by 9?
3
Calculate the remainder when 97 is divided by 49.
48
What is the remainder when 161 is divided by 45?
26
What is the remainder when 312 is divided by 45?
42
What is the remainder when 1171 is divided by 47?
43
Calculate the remainder when 2384 is divided by 45.
44
Calculate the remainder when 4335 is divided by 124.
119
Calculate the remainder when 518 is divided by 65.
63
Calculate the remainder when 566 is divided by 63.
62
What is the remainder when 672 is divided by 109?
18
Calculate the remainder when 428 is divided by 27.
23
What is the remainder when 615 is divided by 20?
15
What is the remainder when 6933 is divided by 136?
133
What is the remainder when 39 is divided by 7?
4
Calculate the remainder when 1060 is divided by 261.
16
What is the remainder when 138 is divided by 86?
52
What is the remainder when 107 is divided by 50?
7
What is the remainder when 264 is divided by 65?
4
What is the remainder when 207 is divided by 52?
51
Calculate the remainder when 440 is divided by 105.
20
Calculate the remainder when 2524 is divided by 79.
75
What is the remainder when 128 is divided by 45?
38
Calculate the remainder when 487 is divided by 2.
1
Calculate the remainder when 69 is divided by 18.
15
What is the remainder when 621 is divided by 24?
21
What is the remainder when 52 is divided by 27?
25
Calculate the remainder when 3170 is divided by 122.
120
What is the remainder when 851 is divided by 25?
1
What is the remainder when 434 is divided by 24?
2
Calculate the remainder when 645 is divided by 166.
147
What is the remainder when 398 is divided by 8?
6
What is the remainder when 117 is divided by 7?
5
Calculate the remainder when 823 is divided by 75.
73
What is the remainder when 108 is divided by 52?
4
What is the remainder when 488 is divided by 439?
49
What is the remainder when 158 is divided by 35?
18
Calculate the remainder when 272 is divided by 22.
8
What is the remainder when 92595 is divided by 14?
13
What is the remainder when 41 is divided by 31?
10
Calculate the remainder when 141 is divided by 11.
9
Calculate the remainder when 69 is divided by 8.
5
What is the remainder when 4557 is divided by 24?
21
Calculate the remainder when 53 is divided by 15.
8
Calculate the remainder when 795 is divided by 67.
58
What is the remainder when 297 is divided by 72?
9
Calculate the remainder when 249 is divided by 14.
11
Calculate the remainder when 277 is divided by 35.
32
What is the remainder when 176 is divided by 15?
11
What is the remainder when 1012 is divided by 18?
4
Calculate the remainder when 161 is divided by 18.
17
Calculate the remainder when 1870 is divided by 26.
24
Calculate the remainder when 2145 is divided by 27.
12
What is the remainder when 21 is divided by 16?
5
Calculate the remainder when 303 is divided by 60.
3
Calculate the remainder when 239 is divided by 113.
13
Calculate the remainder when 55 is divided by 31.
24
What is the remainder when 704 is divided by 9?
2
What is the remainder when 608 is divided by 18?
14
What is the remainder when 831 is divided by 21?
12
What is the remainder when 37873 is divided by 17?
14
What is the remainder when 255 is divided by 83?
6
What is the remainder when 763 is divided by 49?
28
Calculate the remainder when 2925 is divided by 105.
90
What is the remainder when 418 is divided by 12?
10
Calculate the remainder when 614 is divided by 202.
8
Calculate the remainder when 869 is divided by 116.
57
Calculate the remainder when 320 is divided by 14.
12
Calculate the remainder when 460 is divided by 229.
2
What is the remainder when 422 is divided by 7?
2
Calculate the remainder when 239 is divided by 77.
8
What is the remainder when 322 is divided by 13?
10
Calculate the remainder when 257 is divided by 97.
63
What is the remainder when 845 is divided by 69?
17
What is the remainder when 2052 is divided by 43?
31
Calculate the remainder when 3929 is divided by 1309.
2
What is the remainder when 807 is divided by 27?
24
What is the remainder when 41 is divided by 38?
3
What is the remainder when 147 is divided by 6?
3
What is the remainder when 758 is divided by 35?
23
What is the remainder when 120 is divided by 49?
22
Calculate the remainder when 99 is divided by 41.
17
What is the remainder when 110 is divided by 23?
18
What is the remainder when 70 is divided by 29?
12
What is the remainder when 4255 is divided by 147?
139
What is the remainder when 1011 is divided by 40?
11
What is the remainder when 839 is divided by 30?
29
What is the remainder when 4755 is divided by 29?
28
What is the remainder when 194 is divided by 25?
19
Calculate the remainder when 273 is divided by 75.
48
What is the remainder when 830 is divided by 64?
62
Calculate the remainder when 280 is divided by 26.
20
Calculate the remainder when 3064 is divided by 3.
1
What is the remainder when 1770 is divided by 150?
120
What is the remainder when 80 is divided by 26?
2
Calculate the remainder when 212 is divided by 10.
2
What is the remainder when 452 is divided by 27?
20
What is the remainder when 70 is divided by 36?
34
Calculate the remainder when 439 is divided by 10.
9
What is the remainder when 221 is divided by 37?
36
Calculate the remainder when 227 is divided by 46.
43
Calculate the remainder when 165 is divided by 54.
3
Calculate the remainder when 136 is divided by 37.
25
What is the remainder when 472 is divided by 83?
57
Calculate the remainder when 1797 is divided by 1794.
3
Calculate the remainder when 50 is divided by 45.
5
Calculate the remainder when 1946 is divided by 115.
106
Calculate the remainder when 1125 is divided by 81.
72
What is the remainder when 7376 is divided by 211?
202
What is the remainder when 3629 is divided by 7?
3
Calculate the remainder when 275 is divided by 14.
9
Calculate the remainder when 318 is divided by 64.
62
Calculate the remainder when 702 is divided by 44.
42
What is the remainder when 265 is divided by 134?
131
What is the remainder when 469 is divided by 56?
21
What is the remainder when 34311 is divided by 38?
35
Calculate the remainder when 1141 is divided by 11.
8
What is the remainder when 99 is divided by 45?
9
Calculate the remainder when 2837 is divided by 14.
9
What is the remainder when 163 is divided by 11?
9
What is the remainder when 525 is divided by 190?
145
What is the remainder when 46 is divided by 25?
21
What is the remainder when 58 is divided by 9?
4
What is the remainder when 1387 is divided by 127?
117
Calculate the remainder when 336 is divided by 29.
17
Calculate the remainder when 2525 is divided by 55.
50
What is the remainder when 107 is divided by 36?
35
Calculate the remainder when 262 is divided by 27.
19
Calculate the remainder when 711 is divided by 697.
14
Calculate the remainder when 35 is divided by 23.
12
What is the remainder when 719 is divided by 30?
29
Calculate the remainder when 482 is divided by 22.
20
What is the remainder when 1052 is divided by 30?
2
What is the remainder when 1004 is divided by 53?
50
What is the remainder when 321 is divided by 91?
48
What is the remainder when 7647 is divided by 232?
223
Calculate the remainder when 976 is divided by 134.
38
What is the remainder when 2283 is divided by 8?
3
What is the remainder when 387 is divided by 10?
7
Calculate the remainder when 12303 is divided by 3073.
11
Calculate the remainder when 137 is divided by 13.
7
Calculate the remainder when 882 is divided by 17.
15
What is the remainder when 185 is divided by 23?
1
Calculate the remainder when 593 is divided by 27.
26
Calculate the remainder when 320 is divided by 36.
32
What is the remainder when 32 is divided by 7?
4
Calculate the remainder when 226 is divided by 73.
7
What is the remainder when 1074 is divided by 92?
62
What is the remainder when 82 is divided by 36?
10
Calculate the remainder when 304 is divided by 33.
7
Calculate the remaind